{"id":757,"date":"2020-07-28T11:33:06","date_gmt":"2020-07-28T09:33:06","guid":{"rendered":"https:\/\/patisseriechapuis.fr\/?page_id=757"},"modified":"2020-07-28T11:34:27","modified_gmt":"2020-07-28T09:34:27","slug":"mentions-legales","status":"publish","type":"page","link":"https:\/\/patisseriechapuis.fr\/index.php\/mentions-legales\/","title":{"rendered":"Mentions L\u00e9gales"},"content":{"rendered":"\n[et_pb_section fb_built=\u00a0\u00bb1&Prime; admin_label=\u00a0\u00bbOur Team Section\u00a0\u00bb _builder_version=\u00a0\u00bb4.4.9&Prime; background_color=\u00a0\u00bb#f7f7f7&Prime; background_enable_image=\u00a0\u00bboff\u00a0\u00bb parallax=\u00a0\u00bbon\u00a0\u00bb custom_padding=\u00a0\u00bb64px|0px|100px|0px||\u00a0\u00bb][et_pb_row admin_label=\u00a0\u00bbSection Header\u00a0\u00bb _builder_version=\u00a0\u00bb3.25&Prime; module_alignment=\u00a0\u00bbcenter\u00a0\u00bb custom_padding=\u00a0\u00bb|||\u00a0\u00bb locked=\u00a0\u00bboff\u00a0\u00bb][et_pb_column type=\u00a0\u00bb4_4&Prime; _builder_version=\u00a0\u00bb3.25&Prime; custom_padding=\u00a0\u00bb|||\u00a0\u00bb custom_padding__hover=\u00a0\u00bb|||\u00a0\u00bb][et_pb_text admin_label=\u00a0\u00bbTittle\u00a0\u00bb _builder_version=\u00a0\u00bb4.4.8&Prime; text_font=\u00a0\u00bb||||||||\u00a0\u00bb header_font=\u00a0\u00bb||||||||\u00a0\u00bb header_2_font=\u00a0\u00bbMontserrat|||on|||||\u00a0\u00bb header_2_text_align=\u00a0\u00bbcenter\u00a0\u00bb header_2_font_size=\u00a0\u00bb46px\u00a0\u00bb header_2_letter_spacing=\u00a0\u00bb1px\u00a0\u00bb header_2_line_height=\u00a0\u00bb1.5em\u00a0\u00bb max_width=\u00a0\u00bb600px\u00a0\u00bb module_alignment=\u00a0\u00bbcenter\u00a0\u00bb custom_padding=\u00a0\u00bb||0px|||\u00a0\u00bb animation_style=\u00a0\u00bbfade\u00a0\u00bb]<h2>mentions l\u00e9gales<\/h2>[\/et_pb_text][\/et_pb_column][\/et_pb_row][et_pb_row _builder_version=\u00a0\u00bb4.4.9&Prime; custom_margin=\u00a0\u00bb|auto|12px|auto||\u00a0\u00bb custom_padding=\u00a0\u00bb|||\u00a0\u00bb][et_pb_column type=\u00a0\u00bb4_4&Prime; _builder_version=\u00a0\u00bb3.25&Prime; custom_padding=\u00a0\u00bb|||\u00a0\u00bb custom_padding__hover=\u00a0\u00bb|||\u00a0\u00bb][et_pb_text _builder_version=\u00a0\u00bb4.4.9&Prime; text_font=\u00a0\u00bbOpen Sans||||||||\u00a0\u00bb header_2_font=\u00a0\u00bbMontserrat||||||||\u00a0\u00bb custom_margin=\u00a0\u00bb||40px|||\u00a0\u00bb animation_style=\u00a0\u00bbfade\u00a0\u00bb]<p style=\"text-align: justify;\">Vous venez d\u2019acc\u00e9der au site internet \u00ab\u00a0www.patisseriechapuis.fr\u00a0\u00bb de la soci\u00e9t\u00e9 Flagrant d\u00e9lice, SARL, au capital de 10 000 euros, immatricul\u00e9e au RCS Caen sous le N\u00b0 513 984 526 000 14 et dont le si\u00e8ge social est situ\u00e9 21 rue de la Pelleterie 14700 Falaise.<\/p>\n<p style=\"text-align: justify;\">Le site\u00a0 <a href=\"http:\/\/www.patisseriechapuis.fr\">www.patisseriechapuis.fr<\/a>\u00a0est r\u00e9alis\u00e9 par la soci\u00e9t\u00e9 H\u00eeroz, Soci\u00e9t\u00e9 par Actions Simplifi\u00e9es au capital de 10 000 euros, immatricul\u00e9e au RCS de Caen sous le N\u00b0 852 680 313 000 16 et dont le si\u00e8ge social est situ\u00e9 au 18 avenue G\u00e9n\u00e9ral de Gaulle 14700 Falaise.<\/p>\n<p style=\"text-align: justify;\">En acc\u00e9dant au site www.patisseriechapuis.fr et en le consultant, vous reconnaissez avoir pris connaissance et accept\u00e9 les pr\u00e9sentes conditions d\u2019utilisation.<\/p>\n<p style=\"text-align: justify;\"><strong>Conditions d\u2019utilisation<\/strong><\/p>\n<p style=\"text-align: justify;\">Le prestataire assurant l\u2019h\u00e9bergement de ce site internet est la soci\u00e9t\u00e9 OVH, dont le si\u00e8ge social est situ\u00e9 2 rue Kellermann, 59100 Roubaix, France (https:\/\/www.ovh.com).<\/p>\n<p style=\"text-align: justify;\">Le site www.patisseriechapuis.fr est un site de pr\u00e9sentation, dont l\u2019objet est de fournir des informations sur la soci\u00e9t\u00e9 FLAGRANT DELICE, ses activit\u00e9s et ses collaborateurs.<\/p>\n<p style=\"text-align: justify;\">Le site www.patisseriechapuis.fr ainsi que son contenu \u00e9ditorial sont prot\u00e9g\u00e9s par le Code de la propri\u00e9t\u00e9 intellectuelle et appartiennent \u00e0 la soci\u00e9t\u00e9 FLAGRANT DELICE.<\/p>\n<p style=\"text-align: justify;\">Le t\u00e9l\u00e9chargement ou la reproduction de tout ou partie des \u00e9l\u00e9ments contenus sur ce site ne sont autoris\u00e9s que pour un usage personnel, priv\u00e9 et non commercial et sous r\u00e9serve du respect des droits de propri\u00e9t\u00e9 intellectuelle de la soci\u00e9t\u00e9 FLAGRANT DELICE. A l\u2019exception de cet usage, toute reproduction, distribution, modification, adaptation, retransmission, diffusion, communication ou publication, m\u00eame partielle, des \u00e9l\u00e9ments contenus sur ce site est strictement interdite sans l\u2019accord \u00e9crit de la soci\u00e9t\u00e9 FLAGRANT DELICE.<\/p>\n<p style=\"text-align: justify;\">Les droits d\u2019auteur sur les illustrations et photographies reproduites dans la cat\u00e9gorie Actualit\u00e9s du site appartiennent \u00e0 leurs auteurs respectifs. Ces illustrations et photographies sont utilis\u00e9es conform\u00e9ment aux autorisations consenties.<\/p>\n<p style=\"text-align: justify;\">La marque LA GUERRE DES CROQUANTS est la propri\u00e9t\u00e9 de la soci\u00e9t\u00e9 FLAGRANT DELICE. Toute utilisation de la marque LA GUERRE DES CROQUANTS sans autorisation expresse de la soci\u00e9t\u00e9 FLAGRANT DELICE est interdite.<\/p>\n<p style=\"text-align: justify;\">Les donn\u00e9es disponibles sur le site sont communiqu\u00e9es \u00e0 titre de simple information g\u00e9n\u00e9rale et ne sauraient \u00eatre exhaustives ou engager d\u2019une quelconque fa\u00e7on la responsabilit\u00e9 de la soci\u00e9t\u00e9 FLAGRANT DELICE.<\/p>\n<p style=\"text-align: justify;\"><strong>Politique de gestion des cookies<\/strong><\/p>\n<p style=\"text-align: justify;\">Selon la CNIL, \u00ab\u00a0Un cookie est une suite d\u2019informations, g\u00e9n\u00e9ralement de petite taille et identifi\u00e9 par un nom, qui peut \u00eatre transmis \u00e0 votre navigateur par un site web sur lequel vous vous connectez. Votre navigateur web le conservera pendant une certaine dur\u00e9e, et le renverra au serveur web chaque fois que vous vous y re-connecterez. Les cookies ont de multiples usages : ils peuvent servir \u00e0 m\u00e9moriser votre identifiant client aupr\u00e8s d\u2019un site marchand, le contenu courant de votre panier d\u2019achat, un identifiant permettant de tracer votre navigation pour des finalit\u00e9s statistiques ou publicitaires, etc.\u00a0\u00bb<\/p>\n<p style=\"text-align: justify;\">Pour davantage d\u2019informations sur les cookies et la fa\u00e7on de les ma\u00eetriser, nous vous recommandons de consulter le site de la CNIL\u00a0(https:\/\/www.cnil.fr\/fr\/cookies-les-outils-pour-les-maitriser) ainsi que les pages d\u2019aide et de param\u00e9trage de votre navigateur.<\/p>\n<p style=\"text-align: justify;\">En acc\u00e9dant au site www.patisseriechapuis.fr, des cookies vont \u00eatre utilis\u00e9s par nos syst\u00e8mes et par les syst\u00e8mes de certains de nos prestataires.<\/p>\n<p style=\"text-align: justify;\">Le site www.patisseriechapuis.fr utilise des cookies internes qui sont n\u00e9cessaires pour le fonctionnement du site de mani\u00e8re optimale. Ces cookies ne collectent aucune information personnelle. Refuser l\u2019usage de ces cookies rendrait impossible la navigation sur le site.<\/p>\n<p style=\"text-align: justify;\">Le site www.patisseriechapuis.fr utilise des cookies analytiques et de performance. Il s\u2019agit des cookies cr\u00e9\u00e9s par Google Analytics. Ces cookies nous permettent d\u2019avoir des statistiques de fr\u00e9quentation du site et de d\u00e9terminer les sources du trafic. Ils nous aident \u00e0 mesurer l\u2019audience du site et \u00e0 en am\u00e9liorer les performances. Toutes les informations collect\u00e9es par ces cookies sont agr\u00e9g\u00e9es et anonymis\u00e9es. En refusant l\u2019usage de ces cookies, nous n\u2019aurons pas connaissance de votre visite et votre exp\u00e9rience utilisateur ne sera pas affect\u00e9e.<\/p>\n<p style=\"text-align: justify;\">D\u2019autres cookies peuvent \u00eatre utilis\u00e9s par les r\u00e9seaux sociaux Facebook et Instagram (ces cookies ont pour finalit\u00e9 de faciliter le partage de contenu du site vers ces r\u00e9seaux sociaux). Ces cookies ne sont pas g\u00e9r\u00e9s directement par le site www.patisseriechapuis.fr. Pour refuser ces cookies, nous vous invitons \u00e0 consulter les outils de param\u00e9trage de votre navigateur.<\/p>\n<p style=\"text-align: justify;\">Le site www.patisseriechapuis.fr n\u2019utilise pas de cookies publicitaires.<\/p>\n<p style=\"text-align: justify;\">La dur\u00e9e de validit\u00e9 de votre consentement \u00e9ventuel, et la dur\u00e9e de conservation des cookies, est d\u2019une dur\u00e9e de 13 mois maximum.<\/p>\n<p style=\"text-align: justify;\"><strong>Politique de protection des donn\u00e9es personnelles<\/strong><\/p>\n<p style=\"text-align: justify;\"><em>Responsable du traitement des donn\u00e9es personnelles<\/em><strong><em><br \/> <\/em><\/strong>Le responsable du traitement des donn\u00e9es personnelles est FLAGRANT DELICE, SARL dont le si\u00e8ge social est situ\u00e9 21 rue de la Pelleterie 14700 Falaise.<\/p>\n<p style=\"text-align: justify;\"><em>Donn\u00e9es personnelles collect\u00e9es<\/em><strong><em><br \/> <\/em><\/strong>Via le formulaire d\u2019inscription \u00e0 la newsletter du site www.patisseriechapuis.fr, FLAGRANT DELICE ne collecte et ne traite qu\u2019une adresse de courrier \u00e9lectronique.<br \/> Via le formulaire de contact du site patisseriechapuis.fr, FLAGRANT DELICE ne collecte et ne traite que les donn\u00e9es strictement n\u00e9cessaires \u00e0 la prise en compte de votre demande de contact, \u00e0 savoir vos nom et\/ou pr\u00e9nom, une adresse de courrier \u00e9lectronique et un num\u00e9ro de t\u00e9l\u00e9phone.<\/p>\n<p style=\"text-align: justify;\"><em>Finalit\u00e9s de la collecte<\/em><br \/> Les donn\u00e9es personnelles collect\u00e9es via le formulaire de contact sont trait\u00e9es exclusivement pour les finalit\u00e9s suivantes : (1) la prise en compte de votre demande de contact et la r\u00e9ponse \u00e0 y apporter, et (2) de mani\u00e8re non syst\u00e9matique, la mise en \u0153uvre de notre politique de suivi de la qualit\u00e9, qui peut engendrer l\u2019envoi ponctuel d\u2019un questionnaire de satisfaction.<br \/> Les donn\u00e9es personnelles collect\u00e9es sur le site\u00a0<a href=\"http:\/\/www.patisseriechapuis.fr\">www.patisseriechapuis.fr<\/a> ne font l\u2019objet d\u2019aucun traitement \u00e0 finalit\u00e9 commerciale de quelque sorte que ce soit.<\/p>\n<p style=\"text-align: justify;\"><em>Destinataires des donn\u00e9es personnelles<\/em><br \/> Les donn\u00e9es personnelles collect\u00e9es sur le site www.patisseriechapuis.fr ne sont en aucun cas transmises ou transf\u00e9r\u00e9es \u00e0 des tiers. Les h\u00e9bergeurs des donn\u00e9es personnelles collect\u00e9es sur le site www.patisseriechapuis.fr sont identifi\u00e9s ci-apr\u00e8s.<\/p>\n<p style=\"text-align: justify;\"><em>Conservation des donn\u00e9es personnelles<\/em><strong><em><br \/> <\/em><\/strong>Les donn\u00e9es personnelles collect\u00e9es sur le site www.patisseriechapuis.fr ne sont conserv\u00e9es que pour la dur\u00e9e n\u00e9cessaire aux finalit\u00e9s pour lesquelles elles ont \u00e9t\u00e9 collect\u00e9es.<\/p>\n<p style=\"text-align: justify;\"><em>H\u00e9bergement des donn\u00e9es personnelles<\/em><br \/> Les donn\u00e9es personnelles collect\u00e9es via le formulaire de contact sont h\u00e9berg\u00e9es par la soci\u00e9t\u00e9 OVH, dont le si\u00e8ge social est situ\u00e9 2 rue Kellermann, 59100 Roubaix, France (https:\/\/www.ovh.com).<\/p>\n<p style=\"text-align: justify;\"><em>S\u00e9curit\u00e9 des donn\u00e9es personnelles<\/em><em><\/em><strong><em><br \/> <\/em><\/strong>La soci\u00e9t\u00e9 FLAGRANT DELICE assure la protection et la s\u00e9curit\u00e9 de vos donn\u00e9es personnelles gr\u00e2ce \u00e0 des syst\u00e8mes et des moyens physiques et\/ou logiques telles que des mesures de s\u00e9curit\u00e9 physique pour le contr\u00f4le d\u2019acc\u00e8s aux infrastructures sur lesquelles sont stock\u00e9es les donn\u00e9es personnelles, ou des proc\u00e9d\u00e9s d\u2019authentification forts des administrateurs habilit\u00e9s du personnel de la soci\u00e9t\u00e9 FLAGRANT DELICE (politique stricte de gestion et de s\u00e9curit\u00e9 des mots de passe).<\/p>\n<p style=\"text-align: justify;\"><em>Information et exercice de vos droits<\/em><strong><em><br \/> <\/em><\/strong>Conform\u00e9ment \u00e0 la r\u00e9glementation en vigueur, vous disposez d\u2019un droit d\u2019acc\u00e8s aux donn\u00e9es personnelles collect\u00e9es sur le site www.patisseriechapuis.fr et trait\u00e9es par la soci\u00e9t\u00e9 FLAGRANT DELICE. Vous pouvez \u00e9galement obtenir la rectification ou l\u2019effacement de vos donn\u00e9es personnelles ou exercer votre droit d\u2019opposition. Pour exercer vos droits, contactez-nous par courrier postal \u00e0 l\u2019adresse 21 rue de la Pelleterie, 14700 Falaise, ou par courrier \u00e9lectronique \u00e0 contact@patisseriechapuis.fr, en mentionnant dans l\u2019objet du courrier \u00ab\u00a0Droit d\u2019acc\u00e8s aux donn\u00e9es personnelles\u00a0\u00bb, en joignant la copie d\u2019un justificatif d\u2019identit\u00e9 et en pr\u00e9cisant une adresse postale ou \u00e9lectronique de r\u00e9ponse.<\/p>[\/et_pb_text][\/et_pb_column][\/et_pb_row][\/et_pb_section]\n","protected":false},"excerpt":{"rendered":"<p>mentions l\u00e9galesVous venez d\u2019acc\u00e9der au site internet \u00ab\u00a0www.patisseriechapuis.fr\u00a0\u00bb de la soci\u00e9t\u00e9 Flagrant d\u00e9lice, SARL, au capital de 10 000 euros, immatricul\u00e9e au RCS Caen sous le N\u00b0 513 984 526 000 14 et dont le si\u00e8ge social est situ\u00e9 21 rue de la Pelleterie 14700 Falaise. Le site\u00a0 www.patisseriechapuis.fr\u00a0est r\u00e9alis\u00e9 par la soci\u00e9t\u00e9 H\u00eeroz, Soci\u00e9t\u00e9 [&hellip;]<\/p>\n","protected":false},"author":1,"featured_media":0,"parent":0,"menu_order":0,"comment_status":"closed","ping_status":"closed","template":"","meta":{"_et_pb_use_builder":"on","_et_pb_old_content":"","_et_gb_content_width":"","footnotes":""},"class_list":["post-757","page","type-page","status-publish","hentry"],"yoast_head":"<!-- This site is optimized with the Yoast SEO plugin v23.9 - https:\/\/yoast.com\/wordpress\/plugins\/seo\/ -->\n<title>Mentions L\u00e9gales - P\u00e2tisserie chocolaterie Chapuis<\/title>\n<meta name=\"robots\" content=\"noindex, nofollow\" \/>\n<meta property=\"og:locale\" content=\"fr_FR\" \/>\n<meta property=\"og:type\" content=\"article\" \/>\n<meta property=\"og:title\" content=\"Mentions L\u00e9gales - P\u00e2tisserie chocolaterie Chapuis\" \/>\n<meta property=\"og:description\" content=\"mentions l\u00e9galesVous venez d\u2019acc\u00e9der au site internet &quot;www.patisseriechapuis.fr&quot; de la soci\u00e9t\u00e9 Flagrant d\u00e9lice, SARL, au capital de 10 000 euros, immatricul\u00e9e au RCS Caen sous le N\u00b0 513 984 526 000 14 et dont le si\u00e8ge social est situ\u00e9 21 rue de la Pelleterie 14700 Falaise. Le site\u00a0 www.patisseriechapuis.fr\u00a0est r\u00e9alis\u00e9 par la soci\u00e9t\u00e9 H\u00eeroz, Soci\u00e9t\u00e9 [&hellip;]\" \/>\n<meta property=\"og:url\" content=\"https:\/\/patisseriechapuis.fr\/index.php\/mentions-legales\/\" \/>\n<meta property=\"og:site_name\" content=\"P\u00e2tisserie chocolaterie Chapuis\" \/>\n<meta property=\"article:modified_time\" content=\"2020-07-28T09:34:27+00:00\" \/>\n<meta property=\"og:image\" content=\"https:\/\/patisseriechapuis.fr\/wp-content\/uploads\/2020\/02\/LOGO-CHAP.png\" \/>\n\t<meta property=\"og:image:width\" content=\"2533\" \/>\n\t<meta property=\"og:image:height\" content=\"1055\" \/>\n\t<meta property=\"og:image:type\" content=\"image\/png\" \/>\n<meta name=\"twitter:card\" content=\"summary_large_image\" \/>\n<meta name=\"twitter:label1\" content=\"Dur\u00e9e de lecture estim\u00e9e\" \/>\n\t<meta name=\"twitter:data1\" content=\"8 minutes\" \/>\n<script type=\"application\/ld+json\" class=\"yoast-schema-graph\">{\"@context\":\"https:\/\/schema.org\",\"@graph\":[{\"@type\":\"WebPage\",\"@id\":\"https:\/\/patisseriechapuis.fr\/index.php\/mentions-legales\/\",\"url\":\"https:\/\/patisseriechapuis.fr\/index.php\/mentions-legales\/\",\"name\":\"Mentions L\u00e9gales - P\u00e2tisserie chocolaterie Chapuis\",\"isPartOf\":{\"@id\":\"https:\/\/patisseriechapuis.fr\/#website\"},\"datePublished\":\"2020-07-28T09:33:06+00:00\",\"dateModified\":\"2020-07-28T09:34:27+00:00\",\"breadcrumb\":{\"@id\":\"https:\/\/patisseriechapuis.fr\/index.php\/mentions-legales\/#breadcrumb\"},\"inLanguage\":\"fr-FR\",\"potentialAction\":[{\"@type\":\"ReadAction\",\"target\":[\"https:\/\/patisseriechapuis.fr\/index.php\/mentions-legales\/\"]}]},{\"@type\":\"BreadcrumbList\",\"@id\":\"https:\/\/patisseriechapuis.fr\/index.php\/mentions-legales\/#breadcrumb\",\"itemListElement\":[{\"@type\":\"ListItem\",\"position\":1,\"name\":\"Accueil\",\"item\":\"https:\/\/patisseriechapuis.fr\/\"},{\"@type\":\"ListItem\",\"position\":2,\"name\":\"Mentions L\u00e9gales\"}]},{\"@type\":\"WebSite\",\"@id\":\"https:\/\/patisseriechapuis.fr\/#website\",\"url\":\"https:\/\/patisseriechapuis.fr\/\",\"name\":\"P\u00e2tisserie chocolaterie Chapuis\",\"description\":\"\",\"potentialAction\":[{\"@type\":\"SearchAction\",\"target\":{\"@type\":\"EntryPoint\",\"urlTemplate\":\"https:\/\/patisseriechapuis.fr\/?s={search_term_string}\"},\"query-input\":{\"@type\":\"PropertyValueSpecification\",\"valueRequired\":true,\"valueName\":\"search_term_string\"}}],\"inLanguage\":\"fr-FR\"}]}<\/script>\n<!-- \/ Yoast SEO plugin. -->","yoast_head_json":{"title":"Mentions L\u00e9gales - P\u00e2tisserie chocolaterie Chapuis","robots":{"index":"noindex","follow":"nofollow"},"og_locale":"fr_FR","og_type":"article","og_title":"Mentions L\u00e9gales - P\u00e2tisserie chocolaterie Chapuis","og_description":"mentions l\u00e9galesVous venez d\u2019acc\u00e9der au site internet \"www.patisseriechapuis.fr\" de la soci\u00e9t\u00e9 Flagrant d\u00e9lice, SARL, au capital de 10 000 euros, immatricul\u00e9e au RCS Caen sous le N\u00b0 513 984 526 000 14 et dont le si\u00e8ge social est situ\u00e9 21 rue de la Pelleterie 14700 Falaise. Le site\u00a0 www.patisseriechapuis.fr\u00a0est r\u00e9alis\u00e9 par la soci\u00e9t\u00e9 H\u00eeroz, Soci\u00e9t\u00e9 [&hellip;]","og_url":"https:\/\/patisseriechapuis.fr\/index.php\/mentions-legales\/","og_site_name":"P\u00e2tisserie chocolaterie Chapuis","article_modified_time":"2020-07-28T09:34:27+00:00","og_image":[{"width":2533,"height":1055,"url":"https:\/\/patisseriechapuis.fr\/wp-content\/uploads\/2020\/02\/LOGO-CHAP.png","type":"image\/png"}],"twitter_card":"summary_large_image","twitter_misc":{"Dur\u00e9e de lecture estim\u00e9e":"8 minutes"},"schema":{"@context":"https:\/\/schema.org","@graph":[{"@type":"WebPage","@id":"https:\/\/patisseriechapuis.fr\/index.php\/mentions-legales\/","url":"https:\/\/patisseriechapuis.fr\/index.php\/mentions-legales\/","name":"Mentions L\u00e9gales - P\u00e2tisserie chocolaterie Chapuis","isPartOf":{"@id":"https:\/\/patisseriechapuis.fr\/#website"},"datePublished":"2020-07-28T09:33:06+00:00","dateModified":"2020-07-28T09:34:27+00:00","breadcrumb":{"@id":"https:\/\/patisseriechapuis.fr\/index.php\/mentions-legales\/#breadcrumb"},"inLanguage":"fr-FR","potentialAction":[{"@type":"ReadAction","target":["https:\/\/patisseriechapuis.fr\/index.php\/mentions-legales\/"]}]},{"@type":"BreadcrumbList","@id":"https:\/\/patisseriechapuis.fr\/index.php\/mentions-legales\/#breadcrumb","itemListElement":[{"@type":"ListItem","position":1,"name":"Accueil","item":"https:\/\/patisseriechapuis.fr\/"},{"@type":"ListItem","position":2,"name":"Mentions L\u00e9gales"}]},{"@type":"WebSite","@id":"https:\/\/patisseriechapuis.fr\/#website","url":"https:\/\/patisseriechapuis.fr\/","name":"P\u00e2tisserie chocolaterie Chapuis","description":"","potentialAction":[{"@type":"SearchAction","target":{"@type":"EntryPoint","urlTemplate":"https:\/\/patisseriechapuis.fr\/?s={search_term_string}"},"query-input":{"@type":"PropertyValueSpecification","valueRequired":true,"valueName":"search_term_string"}}],"inLanguage":"fr-FR"}]}},"_links":{"self":[{"href":"https:\/\/patisseriechapuis.fr\/index.php\/wp-json\/wp\/v2\/pages\/757","targetHints":{"allow":["GET"]}}],"collection":[{"href":"https:\/\/patisseriechapuis.fr\/index.php\/wp-json\/wp\/v2\/pages"}],"about":[{"href":"https:\/\/patisseriechapuis.fr\/index.php\/wp-json\/wp\/v2\/types\/page"}],"author":[{"embeddable":true,"href":"https:\/\/patisseriechapuis.fr\/index.php\/wp-json\/wp\/v2\/users\/1"}],"replies":[{"embeddable":true,"href":"https:\/\/patisseriechapuis.fr\/index.php\/wp-json\/wp\/v2\/comments?post=757"}],"version-history":[{"count":7,"href":"https:\/\/patisseriechapuis.fr\/index.php\/wp-json\/wp\/v2\/pages\/757\/revisions"}],"predecessor-version":[{"id":767,"href":"https:\/\/patisseriechapuis.fr\/index.php\/wp-json\/wp\/v2\/pages\/757\/revisions\/767"}],"wp:attachment":[{"href":"https:\/\/patisseriechapuis.fr\/index.php\/wp-json\/wp\/v2\/media?parent=757"}],"curies":[{"name":"wp","href":"https:\/\/api.w.org\/{rel}","templated":true}]}}